et r be u(3). Let t(i) be the second derivative of 11*i**3/3 + 3*i**2/2 + 29719*i. Give t(r).
-41
Let x = -16 + 18. Suppose -u + 16 = 4*r, 0 = -3*r - 0*u - x*u + 12. Suppose 8*l - 68 = -r. Let k(m) = -m**3 + 7*m**2 + 6*m + 10. Give k(l).
-6
Let h(x) = -11*x. Let d(z) = -2*z - 1. Let t = -379 - -380. Let k(l) = t*h(l) - 6*d(l). Calculate k(0).
6
Suppose -17*l + 10*l = -119. Let s = -14 + -7. Let a = s + l. Let z(f) = f**3 + 3*f**2 - 5*f - 3. Give z(a).
1
Let c(s) = 5*s - 3. Suppose 4*g + 1 - 5 = 0. Let d be 2/(-43) + 37572/5332. Suppose g - d = -3*u. What is c(u)?
7
Let n(w) be the third derivative of -w**6/120 - w**5/5 - 29*w**4/24 - 8*w**3/3 + 1113*w**2. Give n(-9).
2
Let c be 39/(-24) - 360/(-576). Let s(i) = -3*i - 6. What is s(c)?
-3
Let g(h) = h + 2 + 5*h - 2*h + 7*h - 10*h. Let f(k) = -k**3 + 8*k**2 - 9*k + 6. Let y be f(7). What is g(y)?
-6
Suppose -3*y - 3*f + 6 = -9, 5*y + 4*f = 22. Let o = 79 + -77. Let h(n) = 11*n**o - 2 - n + 9*n**2 - 16*n**2. Determine h(y).
12
Let v(q) = 2*q**2 + 6*q + 12. Let m be v(-5). Suppose 14*h = 10*h - m. Let p(j) be the first derivative of -j**2/2 - 8*j - 12. What is p(h)?
0
Let t(v) = -v**3 + 8*v**2 + 2*v + 10. Let y = 1041 - 1035. Calculate t(y).
94
Let c be (20/6 + 2*-1)*3. Let d(l) = -4*l + 2 + l**2 + 5*l - 5 + c*l. Suppose -4*z - 4*i - 12 = 0, -4*i - i + 48 = -4*z. Give d(z).
11
Let x(w) be the third derivative of -w**5/15 - 155*w**4/24 + 19*w**3/3 - 2*w**2 - 499*w + 2. Give x(-39).
-1
Let c be -6 + 6*23/3 + 3. Suppose 2*v = -4*s - 8, c*v = -2*s + 47*v - 4. Let l(y) be the first derivative of y**3 + 3*y**2/2 - 1. Determine l(s).
6
Let x(a) be the third derivative of -a**5/60 + a**4/24 - 13*a**3/3 + 3*a**2. Let v = -146 - -146. Suppose v = 10*l - 12*l. Give x(l).
-26
Suppose -15 = -i - 2*c, 2*i - 34 = -5*c - 0*c. Let a(y) = i - 12*y - 2 + 11*y. What is a(6)?
-1
Let f(l) = l**3 + 16*l**2 + 32*l + 47. Let i be f(-14). Let m(b) = b**2 + 15*b - 5. Let g(q) = -q + 1. Let o(n) = -4*g(n) - m(n). Determine o(i).
19
Let a(p) = -p**2 - p + 5. Let r be (3 - 1) + (1 - -7). Let q(c) = -c**2 + 7*c - 1. Let h be q(r). Let l = 27 + h. Determine a(l).
-7
Let p(f) = f**3 - 8*f**2 + 2*f - 13. Let y be p(8). Let v(m) = -4 + m**3 + m - 5*m**3 - 3 + y*m**3. Determine v(0).
-7
Let o(n) = 15075 - 30160 + 32*n + 15083. Determine o(-2).
-66
Suppose 0 = -b - 16*p + 14*p - 15, 0 = -2*b + 3*p + 5. Let r be (-2)/((-50)/(-315)) - (-2)/b. Let l(n) = 3*n + 38. Give l(r).
-1
Let c(d) = 36*d - 500. Let h be c(14). Let r(v) = v**3 - 6*v**2 + 10*v - 3. What is r(h)?
5
Let b(a) = -a + 12. Let f(y) = -16*y - 33. Let t(q) = -47*q - 101. Let p(s) = -8*f(s) + 3*t(s). Let v be p(-3). Calculate b(v).
12
Let s(f) be the first derivative of -2*f + 74 - 1/3*f**3 - 3*f**2. What is s(-6)?
-2
Let t(j) = -340553*j + 87 + 681068*j - 340542*j. Determine t(3).
6
Let s(o) be the first derivative of -o**4/4 + 4*o**3/3 - o**2 - 3*o - 1033. Calculate s(-1).
4
Let s(j) be the second derivative of 1/120*j**6 + 0*j**3 + 0 + 1/60*j**5 + 16*j - 7*j**2 - 1/24*j**4. Let t(y) be the first derivative of s(y). What is t(1)?
1
Let t(j) = 0*j - 697227 - 5*j + 697233. Let u(y) = -y**2 + 11*y - 5. Let l be u(9). Suppose -3*p - o = -6*o - 7, 4*p = 3*o + l. Determine t(p).
-14
Let a(b) = -8*b + 19. Let n(o) = -94*o + 100. Let s be n(1). Determine a(s).
-29
Let m(o) = 88*o - 1225. Let s be m(14). Let x(g) = -g. Let b(k) = -3. Let l(f) = -b(f) + 2*x(f). Determine l(s).
-11
Let l(y) = 26*y + 48. Let i(c) = -117*c - 240. Let d(g) = -3*i(g) - 14*l(g). Calculate d(4).
-4
Let t(o) = -o. Let f(x) = -x**2 - 6*x + 10. Let i be f(-7). Suppose -21*v = -22*v - 3*b - i, -4*b = 3*v + 9. What is t(v)?
3
Let n(m) be the first derivative of m**4/4 + 5*m**3/3 - 27*m**2/2 - 118*m + 11527. What is n(-5)?
17
Let s(j) = -11*j**2 - 163*j + 8. Let v(d) = -5*d**2 - 67*d + 4. Let g(x) = 2*s(x) - 5*v(x). Determine g(-4).
8
Let u(i) = -i - 9. Let c(n) = -n**3 + 2*n**2 - 1. Let g be c(1). Let r be (-4 + (6 - 3))*(5 - g). What is u(r)?
-4
Let m(x) be the third derivative of x**7/840 + 7*x**6/720 - x**5/120 - 25*x**4/8 - 2*x**2 + 22*x. Let a(v) be the second derivative of m(v). Calculate a(-2).
-3
Let n(h) = -13*h**2 + 3*h + 109. Let y(l) = 8*l**2 - 4*l - 73. Let u(t) = 5*n(t) + 8*y(t). Calculate u(-9).
33
Let s(p) = 5*p**2 + 65*p + 11. Let j be s(-9). Let b = 169 + j. Let g(m) = -m**3 + m**2 + m + 6. Calculate g(b).
6
Let i(o) = -2*o + 6. Let d(p) = p**2 + 3*p + 2. Let h be d(-4). Let q be i(h). Let n(m) be the first derivative of m**2/2 + 2*m - 17578. Determine n(q).
-4
Suppose -7 - 7 = -7*t. Suppose 5*k = -3*o + 4*o - t, -3*k = -2*o + 11. Let i(z) = -3*z + o*z - z + 14*z. What is i(1)?
17
Let w(f) = -2*f**3 + 14*f**2 + 13*f + 9. Let r(b) = -5*b**3 + 42*b**2 + 39*b + 27. Let k(j) = -3*r(j) + 8*w(j). Suppose -256*q - 216 - 3112 = 0. Give k(q).
-9
Let s(x) = -3*x - 2. Suppose -4*d = -2*j + 24, 41 = -4*d - d - 3*j. Let c be -7 + 4 + -4 - d. What is s(c)?
-2
Let y(n) = -159*n - 10329. Let f be y(-65). Let g(t) = 6*t**3 - t**2 + 8*t + 6. Let d(u) = -7*u**3 - 9*u - 7. Let i(j) = 5*d(j) + 6*g(j). Give i(f).
19
Let s(i) = i**3 - i**2 - i + 11. Let f be 78*(-3)/(45/(-10)). Suppose -f*y = -43*y. Give s(y).
11
Let t(w) = -18*w**2 + w - 4. Suppose -5*r = -98 + 88. Calculate t(r).
-74
Let j(l) = 3*l**2 - 3*l - 12. Let k be (-15)/(-24) - (10 - 166/16) - -4. Calculate j(k).
48
Let r(l) = -l**3 - 14*l**2 + 16*l + 21. Suppose -3*k = 8*w - 7*w - 770, -1000 = -4*k + 4*w. Suppose 15*b = -2*b - k. Give r(b).
6
Let l(o) = 15*o - 12*o**2 + 21*o**2 + 176*o**3 + 6 + 179*o**3 + 177*o**3 - 531*o**3. Determine l(-7).
-1
Let l(u) be the third derivative of -u**5/60 + 5*u**4/4 - 73*u**3/3 + u**2 - 1362. Determine l(6).
-2
Let y(n) be the third derivative of n**5/3 + n**4/8 + n**3/2 - 231*n**2 - 1. What is y(2)?
89
Let f(i) be the first derivative of -i**4/4 + i**3 + 11*i**2/2 - 47*i - 8974. What is f(3)?
-14
Let u(a) = -3*a**3 - 14*a**2 - 11*a - 11. Suppose 0 = -w - h + 2, -207*w - 5*h = -203*w - 14. Determine u(w).
1
Let k = 10261 + -10255. Suppose 0 = -a - 1, 0 = h + 3*h - 2*a - 10. Let t(q) = h + 4*q + 4 - 3*q. Determine t(k).
12
Let f = 10128 + -10130. Let n(s) = -s**2 + 2. Let p(l) = l**2 - 2. Let r(x) = -2*n(x) - 3*p(x). Calculate r(f).
-2
Let z(o) be the first derivative of -45*o - 2*o - 62 + 3*o**2 - 6*o**2 + o + 4*o**2. Calculate z(20).
-6
Let j(x) be the first derivative of x**6/40 - x**5/30 + x**3/6 - 71*x**2/2 + 22. Let p(n) be the second derivative of j(n). Calculate p(1).
2
Let m(c) be the first derivative of -10*c**3/3 - 3*c**2/2 - 8*c + 1001. Calculate m(-3).
-89
Suppose -3*n = 2*p - 37, 22 = 4*n + 5*p - 39. Let k(j) = -730*j - j**3 + 360*j + n + 371*j + 7 - 7*j**2 - 6. Determine k(-7).
3
Let x(r) = r**2. Suppose -3*o + 4 = -2*o, -q - 4*o = -21. Suppose 2*l + 4 = 3*f - 8, 5*f - 20 = -q*l. Give x(l).
0
Suppose -25 - 13 = 8*x + 186. Let d(q) = 2*q**2 + 56*q. Calculate d(x).
0
Suppose -3*k - 3*a = -k - 9, -2*a = -2*k + 14. Let w(t) be the third derivative of -t**4/3 + 4*t**3/3 - 121702*t**2. Determine w(k).
-40
Let p(m) be the third derivative of -m**4/6 - m**3/3 - 7*m**2. Suppose -155 = -14*j - 17*j. What is p(j)?
-22
Let w = 43 - 49. Let z(v) be the second derivative of -v**6/720 - 2*v**4/3 + v. Let a(p) be the third derivative of z(p). Give a(w).
6
Let d(f) = -640 - 6*f + 217 + 199 + 224. Suppose -4*z = -3*z - 5. Suppose z*h + 3 = 8. What is d(h)?
-6
Let u(m) be the second derivative of 11*m**4/12 + 9*m**2 + 28*m. Let a(q) be the first derivative of u(q). Let r be (-84)/(-21) - (0 + 5). What is a(r)?
-22
Let j(n) = n**3 - 5*n**2 + n - 2. Let q(k) = -k + 5. Let d be q(0). Suppose 3 + 2 = d*b, 4*b - 8 = -2*f. Suppose -4*t + 7 - f = z, 3*z - 15 = -5*t. Give j(z).
3
Let c(h) be the second derivative of h**4/4 + h**3/3 - h**2 - 6700*h. Let t = -3 - -5. What is c(t)?
14
Let s(q) = q**3 + 23*q**2 + q + 30. Let d be -1 - (2/4*2 - -21). Let u be s(d). Let a(p) = -7*p - 1 - 6*p - 6*p**2 + 6 + 5*p + p**3. What is a(u)?
-2
Let z be (1200/(-1980) + (-15)/(-55))*(-4 + -1). Let k(x) be the first derivative of 6*x - 15 - 1/4*x**4 + z*x**3 + 3*x**2. What is k(6)?
6
Let v(c) = -9*c + 10 + 29 - 99 + 3 + 11. Calculate v(-5).
-1
Let b(p) = 21*p**3 + 9*p**2 + 26*p + 16. Let x(q) = -16*q**3 - 14*q**2 - 27*q - 16. Let u(h) = -3*b(h) -